{"id":25,"date":"2015-02-24T16:02:38","date_gmt":"2015-02-24T16:02:38","guid":{"rendered":"http:\/\/demos.volovar.net\/beautyspot.wp\/demo2\/?page_id=25"},"modified":"2024-12-31T17:29:24","modified_gmt":"2024-12-31T15:29:24","slug":"home","status":"publish","type":"page","link":"https:\/\/lanaturedanne.be\/","title":{"rendered":"ACCUEIL"},"content":{"rendered":"<p>[vc_row][vc_column]<hr class=\"c-divider m-medium m-transparent\" >[vc_column_text]<\/p>\n<p style=\"text-align: center;\">La nature d&#8217;Anne a momentan\u00e9ment cess\u00e9 ses activit\u00e9s.<\/p>\n<p>Je vous retrouve tr\u00e8s vite pour un nouveau projet!\u00a0 Restez connect\u00e9s sur Facebook et Instagram \ud83d\ude09<\/p>\n<p>[\/vc_column_text][\/vc_column][\/vc_row][vc_row][vc_column]<hr class=\"c-divider m-medium m-transparent\" ><div class=\"c-slider m-fullsize\"  data-interval=\"20000\"><div class=\"slide-list\"><div class=\"slide item slide m-fullsize\" style=\" background-image: url(https:\/\/lanaturedanne.be\/wp-content\/uploads\/2024\/12\/merci-LNA.png);\" data-label=\"MERCI!\" data-index=\"0\"><div class=\"container\"><div class=\"slide-inner\"><div class=\"slide-content various-content valign-top\"><\/div><\/div><\/div><\/div><\/div><\/div><hr class=\"c-divider m-medium m-transparent\" >[\/vc_column][\/vc_row]<\/p>\n","protected":false},"excerpt":{"rendered":"<p>[vc_row][vc_column][vc_column_text] La nature d&#8217;Anne a momentan\u00e9ment cess\u00e9 ses activit\u00e9s. Je vous retrouve tr\u00e8s vite pour un nouveau projet!\u00a0 Restez connect\u00e9s sur Facebook et Instagram \ud83d\ude09 [\/vc_column_text][\/vc_column][\/vc_row][vc_row][vc_column][\/vc_column][\/vc_row]<\/p>\n","protected":false},"author":4,"featured_media":0,"parent":0,"menu_order":0,"comment_status":"open","ping_status":"closed","template":"template-fullsize-wo-title.php","meta":[],"_links":{"self":[{"href":"https:\/\/lanaturedanne.be\/index.php?rest_route=\/wp\/v2\/pages\/25"}],"collection":[{"href":"https:\/\/lanaturedanne.be\/index.php?rest_route=\/wp\/v2\/pages"}],"about":[{"href":"https:\/\/lanaturedanne.be\/index.php?rest_route=\/wp\/v2\/types\/page"}],"author":[{"embeddable":true,"href":"https:\/\/lanaturedanne.be\/index.php?rest_route=\/wp\/v2\/users\/4"}],"replies":[{"embeddable":true,"href":"https:\/\/lanaturedanne.be\/index.php?rest_route=%2Fwp%2Fv2%2Fcomments&post=25"}],"version-history":[{"count":263,"href":"https:\/\/lanaturedanne.be\/index.php?rest_route=\/wp\/v2\/pages\/25\/revisions"}],"predecessor-version":[{"id":26330,"href":"https:\/\/lanaturedanne.be\/index.php?rest_route=\/wp\/v2\/pages\/25\/revisions\/26330"}],"wp:attachment":[{"href":"https:\/\/lanaturedanne.be\/index.php?rest_route=%2Fwp%2Fv2%2Fmedia&parent=25"}],"curies":[{"name":"wp","href":"https:\/\/api.w.org\/{rel}","templated":true}]}}